{"id":3761,"date":"2019-01-21T12:06:53","date_gmt":"2019-01-21T12:06:53","guid":{"rendered":"http:\/\/grupoanimacion.upv.es\/elcinedeperezarroyo\/?page_id=3761"},"modified":"2020-06-20T13:38:43","modified_gmt":"2020-06-20T13:38:43","slug":"bibliografia","status":"publish","type":"page","link":"https:\/\/grupoanimacion.webs.upv.es\/elcinedeperezarroyo\/anexos\/bibliografia\/","title":{"rendered":"Bibliograf\u00eda"},"content":{"rendered":"<div class=\"wpb-content-wrapper\"><p>[vc_row][vc_column css=&#8221;.vc_custom_1549557014764{padding-bottom: 10% !important;}&#8221;][vc_custom_heading source=&#8221;post_title&#8221; font_container=&#8221;tag:h2|font_size:100|text_align:center&#8221; google_fonts=&#8221;font_family:Playfair%20Display%3Aregular%2Citalic%2C700%2C700italic%2C900%2C900italic|font_style:900%20bold%20regular%3A900%3Anormal&#8221; css=&#8221;.vc_custom_1548073508719{padding-top: 10% !important;}&#8221;][\/vc_column][\/vc_row][vc_row][vc_column width=&#8221;2\/3&#8243;][vc_custom_heading heading_style=&#8221;heading_style_1&#8243; text=&#8221;Entrevistas&#8221; font_container=&#8221;tag:h2|font_size:30|text_align:left&#8221; google_fonts=&#8221;font_family:Playfair%20Display%3Aregular%2Citalic%2C700%2C700italic%2C900%2C900italic|font_style:700%20bold%20regular%3A700%3Anormal&#8221;][vc_column_text css=&#8221;.vc_custom_1550773855271{padding-right: 15% !important;}&#8221;]Raimundo Pay\u00e1 Molt\u00f3<br \/>\nLola P\u00e9rez Fayos<br \/>\nFernando Saludes Talens<br \/>\nJuan Andreu Esp\u00ed<\/p>\n<p>[\/vc_column_text][\/vc_column][vc_column width=&#8221;1\/3&#8243;][\/vc_column][\/vc_row][vc_row][vc_column width=&#8221;2\/3&#8243;][vc_custom_heading heading_style=&#8221;heading_style_1&#8243; text=&#8221;Fuentes documentales&#8221; font_container=&#8221;tag:h2|font_size:30|text_align:left&#8221; google_fonts=&#8221;font_family:Playfair%20Display%3Aregular%2Citalic%2C700%2C700italic%2C900%2C900italic|font_style:700%20bold%20regular%3A700%3Anormal&#8221;][vc_column_text css=&#8221;.vc_custom_1548073726127{padding-right: 15% !important;}&#8221;]Archivo hist\u00f3rico de la Oficina Espa\u00f1ola de Patentes y Marcas<br \/>\nArchivo General de la Administraci\u00f3n, Alcal\u00e1 de Henares (Madrid)[\/vc_column_text][\/vc_column][vc_column width=&#8221;1\/3&#8243;][\/vc_column][\/vc_row][vc_row][vc_column][vc_custom_heading heading_style=&#8221;heading_style_1&#8243; text=&#8221;Referencias bibliogr\u00e1ficas&#8221; font_container=&#8221;tag:h2|font_size:30|text_align:left&#8221; google_fonts=&#8221;font_family:Playfair%20Display%3Aregular%2Citalic%2C700%2C700italic%2C900%2C900italic|font_style:700%20bold%20regular%3A700%3Anormal&#8221;][vc_column_text css=&#8221;.vc_custom_1592660315715{padding-right: 15% !important;}&#8221;]<span style=\"color: #ff9900;\"><a style=\"color: #ff9900;\" href=\"https:\/\/www.abc.es\/archivo\/periodicos\/abc-sevilla-19630423-50.html\">AN\u00d3NIMO\u00a0ABC (s\/a), 1963. Exposici\u00f3n de P\u00e9rez Arroyo en C\u00f3rdoba, ABC, edici\u00f3n Andaluc\u00eda, 23 de abril de 1963, p. 50.<\/a><\/span><\/p>\n<p><span style=\"color: #ff9900;\"><a style=\"color: #ff9900;\" href=\"https:\/\/www.lavozdealmeria.com\/noticia\/5\/vivir\/189899\/la-increible-historia-de-la-recitadora-matildita-morales\">ARTERO, Manuel, (20 de marzo de 2020). &lt;La incre\u00edble historia de la recitadora Matildita Morales; en lavozdealmeria.com, Vivir (https:\/\/www.lavozdealmeria.com\/noticia\/5\/vivir\/189899\/la-increible-historia-de-la-recitadora-matildita-morales&gt;[acceso: marzo, 2020])<\/a><\/span><\/p>\n<p>ARTIGAS, Jordi, 2005. <span style=\"color: #000000;\">Francisco<\/span> Maci\u00e1n. Els somnis d\u00b4un mag, Barcelona, Filmoteca de Catalunya<\/p>\n<p><span style=\"color: #ff6600;\"><a style=\"color: #ff6600;\" href=\"https:\/\/www.tebeosfera.com\/firmas\/perez_maset.html\"><span style=\"color: #ff9900;\">BARRERO, Manuel<\/span> <span style=\"color: #ff9900;\">&lt;http:\/\/www.tebeosfera.com.html&gt; (20\/06\/2020)<\/span><\/a><\/span><\/p>\n<p>CANDEL, Jos\u00e9 M\u00aa, 1993. Historia del dibujo animado espa\u00f1ol, Murcia: Filmoteca Regional de Murcia<\/p>\n<p>De la ROSA, Emilio,\u201cEl cortometraje de animaci\u00f3n\u201d, en Medina, Pedro (coord), 1996. Historia del cortometraje espa\u00f1ol, Alcal\u00e1 de Henares: Festival de Cine de Alcal\u00e1 de Henares<\/p>\n<p>De la ROSA, Emilio, MARTOS, Eladi, 1999. Cine de Animaci\u00f3n experimental en Valencia y Catalu\u00f1a, Valencia: Generalitat Valenciana<\/p>\n<p>De la ROSA, Emilio, VIVAR, Hip\u00f3lito, 1993. Breve historia del cine de\u00a0animaci\u00f3n\u00a0en\u00a0Espa\u00f1a, Teruel: AnimaTeruel<\/p>\n<p>FAN\u00c9S, F\u00e9lix, 1982. Cifesa, la antorcha de los \u00e9xitos, Valencia: Instituci\u00f3n Alfonso el Magn\u00e1nimo<\/p>\n<p>GIL, Ram\u00f3n y JULI\u00c1, Juan Fco, 2009. Victor Manuel Gimeno Baquero. Retrato apasionado, Valencia: Universidad Polit\u00e9cnica de Valencia<\/p>\n<p><span style=\"color: #ff9900;\"><a style=\"color: #ff9900;\" href=\"https:\/\/revistas.uam.es\/secuencias\/article\/view\/5818\">GONZ\u00c1LEZ-MONAJ, Ra\u00fal, 2014. \u201cEl cine de P\u00e9rez Arroyo y los proyectores de juguete de posguerra\u201d, en Secuencias. Revista de H\u00aa del cine, n\u00ba 40, pp. 9-30<\/a><\/span><\/p>\n<p><span style=\"color: #ff6600;\"><a style=\"color: #ff6600;\" href=\"http:\/\/conadeanimacion.upv.es\/archivos\/portfolio\/el-estudio-de-dibujos-animados-cifesa-y-las-peliculas-de-rigalt-reyes\"><span style=\"color: #ff9900;\">GONZ\u00c1LEZ-MONAJ, Ra\u00fal, 2017. \u201cEl Estudio de dibujos animados CIFESA y las pel\u00edculas de Rigalt-Reyes\u201d, en Con A de Animaci\u00f3n, n\u00ba 7, pp. 188-203<\/span><\/a><\/span><\/p>\n<p>GONZ\u00c1LEZ-MONAJ, Ra\u00fal, 2018. Pioneros de la animaci\u00f3n valenciana 1939-1959, Valencia: Diputaci\u00f3n de Valencia<\/p>\n<p>L\u00d3PEZ GARC\u00cdA, Victoriano,\u00a0 16 agosto 1942. Primer Plano<\/p>\n<p>MANZANERA, Mar\u00eda, 1992. Cine de animaci\u00f3n en Espa\u00f1a. Largometrajes 1945-1985, Murcia: Ed. Universidad de Murcia<\/p>\n<p><span style=\"color: #ff6600;\"><a style=\"color: #ff6600;\" href=\"https:\/\/mettavant.pagesperso-orange.fr\/Project\/\"><span style=\"color: #ff9900;\">METTAVANT, Claude, &lt;https:\/\/mettavant.pagesperso-orange.fr\/Project\/&gt; (20\/06\/2020)<\/span><\/a><\/span><\/p>\n<p><span style=\"color: #ff9900;\"><a style=\"color: #ff9900;\" href=\"http:\/\/conadeanimacion.upv.es\/archivos\/portfolio\/de-garbancito-de-la-mancha-a-los-suenos-de-tay-pi-una-aproximacion-al-cine-de-animacion-espanol-producido-por-balet-y-blay\"><span style=\"color: #ff9900;\">NADAL I<\/span> ROVIRA, N\u00faria, 2012.\u201cDe Garbancito de la Mancha a Los sue\u00f1os de Tay-Pi&gt;, en Con A de Animaci\u00f3n, n\u00ba 2, pp. 119-129<\/a><\/span><\/p>\n<p>PORCEL, Pedro, 2002. Cl\u00e1sicos en Jauja. La historia del tebeo valenciano, Alicante: Edicions de Ponent<\/p>\n<p>ROSBELDA, n\u00ba 28, 6 agosto 1944. Revista Torneo<\/p>\n<p><span style=\"color: #ff6600;\"><a style=\"color: #ff6600;\" href=\"https:\/\/www.diariodealmeria.es\/almeria\/nina-Matildita-Morales_0_312568945.html\"><span style=\"color: #ff9900;\">SEVILLANO, Antonio, (16 de abril de 2014). &lt;La ni\u00f1a Matildita Morales; en elalmeria.es, Cr\u00f3nicas desde la ciudad (http:\/\/www.elalmeria.es\/article\/almeria\/557752\/la\/nina\/matildita\/morales.htm&gt; [acceso: septiembre, 2017])<\/span><\/a><\/span>[\/vc_column_text][\/vc_column][\/vc_row]<\/p>\n<\/div>","protected":false},"excerpt":{"rendered":"<p>[vc_row][vc_column css=&#8221;.vc_custom_1549557014764{padding-bottom: 10% !important;}&#8221;][vc_custom_heading source=&#8221;post_title&#8221; font_container=&#8221;tag:h2|font_size:100|text_align:center&#8221; google_fonts=&#8221;font_family:Playfair%20Display%3Aregular%2Citalic%2C700%2C700italic%2C900%2C900italic|font_style:900%20bold%20regular%3A900%3Anormal&#8221; css=&#8221;.vc_custom_1548073508719{padding-top: 10% !important;}&#8221;][\/vc_column][\/vc_row][vc_row][vc_column width=&#8221;2\/3&#8243;][vc_custom_heading heading_style=&#8221;heading_style_1&#8243; text=&#8221;Entrevistas&#8221; font_container=&#8221;tag:h2|font_size:30|text_align:left&#8221; google_fonts=&#8221;font_family:Playfair%20Display%3Aregular%2Citalic%2C700%2C700italic%2C900%2C900italic|font_style:700%20bold%20regular%3A700%3Anormal&#8221;][vc_column_text css=&#8221;.vc_custom_1550773855271{padding-right: 15% !important;}&#8221;]Raimundo Pay\u00e1 Molt\u00f3 Lola P\u00e9rez Fayos Fernando Saludes Talens Juan Andreu Esp\u00ed [\/vc_column_text][\/vc_column][vc_column width=&#8221;1\/3&#8243;][\/vc_column][\/vc_row][vc_row][vc_column width=&#8221;2\/3&#8243;][vc_custom_heading heading_style=&#8221;heading_style_1&#8243; text=&#8221;Fuentes documentales&#8221; font_container=&#8221;tag:h2|font_size:30|text_align:left&#8221; google_fonts=&#8221;font_family:Playfair%20Display%3Aregular%2Citalic%2C700%2C700italic%2C900%2C900italic|font_style:700%20bold%20regular%3A700%3Anormal&#8221;][vc_column_text css=&#8221;.vc_custom_1548073726127{padding-right: 15% !important;}&#8221;]Archivo hist\u00f3rico de la Oficina Espa\u00f1ola de Patentes y Marcas Archivo General de la Administraci\u00f3n, Alcal\u00e1 [&hellip;]<\/p>\n","protected":false},"author":2,"featured_media":1872,"parent":3742,"menu_order":0,"comment_status":"closed","ping_status":"closed","template":"","meta":{"footnotes":""},"class_list":["post-3761","page","type-page","status-publish","has-post-thumbnail","hentry","clearfix"],"yoast_head":"<!-- This site is optimized with the Yoast SEO plugin v27.5 - https:\/\/yoast.com\/product\/yoast-seo-wordpress\/ -->\n<title>Bibliograf\u00eda - El cine de Perez Arroyo<\/title>\n<meta name=\"robots\" content=\"index, follow, max-snippet:-1, max-image-preview:large, max-video-preview:-1\" \/>\n<link rel=\"canonical\" href=\"https:\/\/grupoanimacion.webs.upv.es\/elcinedeperezarroyo\/anexos\/bibliografia\/\" \/>\n<meta property=\"og:locale\" content=\"es_ES\" \/>\n<meta property=\"og:type\" content=\"article\" \/>\n<meta property=\"og:title\" content=\"Bibliograf\u00eda - El cine de Perez Arroyo\" \/>\n<meta property=\"og:description\" content=\"[vc_row][vc_column css=&#8221;.vc_custom_1549557014764{padding-bottom: 10% !important;}&#8221;][vc_custom_heading source=&#8221;post_title&#8221; font_container=&#8221;tag:h2|font_size:100|text_align:center&#8221; google_fonts=&#8221;font_family:Playfair%20Display%3Aregular%2Citalic%2C700%2C700italic%2C900%2C900italic|font_style:900%20bold%20regular%3A900%3Anormal&#8221; css=&#8221;.vc_custom_1548073508719{padding-top: 10% !important;}&#8221;][\/vc_column][\/vc_row][vc_row][vc_column width=&#8221;2\/3&#8243;][vc_custom_heading heading_style=&#8221;heading_style_1&#8243; text=&#8221;Entrevistas&#8221; font_container=&#8221;tag:h2|font_size:30|text_align:left&#8221; google_fonts=&#8221;font_family:Playfair%20Display%3Aregular%2Citalic%2C700%2C700italic%2C900%2C900italic|font_style:700%20bold%20regular%3A700%3Anormal&#8221;][vc_column_text css=&#8221;.vc_custom_1550773855271{padding-right: 15% !important;}&#8221;]Raimundo Pay\u00e1 Molt\u00f3 Lola P\u00e9rez Fayos Fernando Saludes Talens Juan Andreu Esp\u00ed [\/vc_column_text][\/vc_column][vc_column width=&#8221;1\/3&#8243;][\/vc_column][\/vc_row][vc_row][vc_column width=&#8221;2\/3&#8243;][vc_custom_heading heading_style=&#8221;heading_style_1&#8243; text=&#8221;Fuentes documentales&#8221; font_container=&#8221;tag:h2|font_size:30|text_align:left&#8221; google_fonts=&#8221;font_family:Playfair%20Display%3Aregular%2Citalic%2C700%2C700italic%2C900%2C900italic|font_style:700%20bold%20regular%3A700%3Anormal&#8221;][vc_column_text css=&#8221;.vc_custom_1548073726127{padding-right: 15% !important;}&#8221;]Archivo hist\u00f3rico de la Oficina Espa\u00f1ola de Patentes y Marcas Archivo General de la Administraci\u00f3n, Alcal\u00e1 [&hellip;]\" \/>\n<meta property=\"og:url\" content=\"https:\/\/grupoanimacion.webs.upv.es\/elcinedeperezarroyo\/anexos\/bibliografia\/\" \/>\n<meta property=\"og:site_name\" content=\"El cine de Perez Arroyo\" \/>\n<meta property=\"article:modified_time\" content=\"2020-06-20T13:38:43+00:00\" \/>\n<meta property=\"og:image\" content=\"https:\/\/grupoanimacion.webs.upv.es\/elcinedeperezarroyo\/wp-content\/uploads\/2018\/10\/Estudio-Pe\u0301rez-Arroyo-1943EDITADA-1024x636.jpg\" \/>\n\t<meta property=\"og:image:width\" content=\"1024\" \/>\n\t<meta property=\"og:image:height\" content=\"636\" \/>\n\t<meta property=\"og:image:type\" content=\"image\/jpeg\" \/>\n<meta name=\"twitter:card\" content=\"summary_large_image\" \/>\n<meta name=\"twitter:label1\" content=\"Tiempo de lectura\" \/>\n\t<meta name=\"twitter:data1\" content=\"3 minutos\" \/>\n<script type=\"application\/ld+json\" class=\"yoast-schema-graph\">{\"@context\":\"https:\\\/\\\/schema.org\",\"@graph\":[{\"@type\":\"WebPage\",\"@id\":\"https:\\\/\\\/grupoanimacion.webs.upv.es\\\/elcinedeperezarroyo\\\/anexos\\\/bibliografia\\\/\",\"url\":\"https:\\\/\\\/grupoanimacion.webs.upv.es\\\/elcinedeperezarroyo\\\/anexos\\\/bibliografia\\\/\",\"name\":\"Bibliograf\u00eda - El cine de Perez Arroyo\",\"isPartOf\":{\"@id\":\"https:\\\/\\\/grupoanimacion.webs.upv.es\\\/elcinedeperezarroyo\\\/#website\"},\"primaryImageOfPage\":{\"@id\":\"https:\\\/\\\/grupoanimacion.webs.upv.es\\\/elcinedeperezarroyo\\\/anexos\\\/bibliografia\\\/#primaryimage\"},\"image\":{\"@id\":\"https:\\\/\\\/grupoanimacion.webs.upv.es\\\/elcinedeperezarroyo\\\/anexos\\\/bibliografia\\\/#primaryimage\"},\"thumbnailUrl\":\"https:\\\/\\\/grupoanimacion.webs.upv.es\\\/elcinedeperezarroyo\\\/wp-content\\\/uploads\\\/2018\\\/10\\\/Estudio-Pe\u0301rez-Arroyo-1943EDITADA.jpg\",\"datePublished\":\"2019-01-21T12:06:53+00:00\",\"dateModified\":\"2020-06-20T13:38:43+00:00\",\"breadcrumb\":{\"@id\":\"https:\\\/\\\/grupoanimacion.webs.upv.es\\\/elcinedeperezarroyo\\\/anexos\\\/bibliografia\\\/#breadcrumb\"},\"inLanguage\":\"es\",\"potentialAction\":[{\"@type\":\"ReadAction\",\"target\":[\"https:\\\/\\\/grupoanimacion.webs.upv.es\\\/elcinedeperezarroyo\\\/anexos\\\/bibliografia\\\/\"]}]},{\"@type\":\"ImageObject\",\"inLanguage\":\"es\",\"@id\":\"https:\\\/\\\/grupoanimacion.webs.upv.es\\\/elcinedeperezarroyo\\\/anexos\\\/bibliografia\\\/#primaryimage\",\"url\":\"https:\\\/\\\/grupoanimacion.webs.upv.es\\\/elcinedeperezarroyo\\\/wp-content\\\/uploads\\\/2018\\\/10\\\/Estudio-Pe\u0301rez-Arroyo-1943EDITADA.jpg\",\"contentUrl\":\"https:\\\/\\\/grupoanimacion.webs.upv.es\\\/elcinedeperezarroyo\\\/wp-content\\\/uploads\\\/2018\\\/10\\\/Estudio-Pe\u0301rez-Arroyo-1943EDITADA.jpg\",\"width\":6323,\"height\":3926},{\"@type\":\"BreadcrumbList\",\"@id\":\"https:\\\/\\\/grupoanimacion.webs.upv.es\\\/elcinedeperezarroyo\\\/anexos\\\/bibliografia\\\/#breadcrumb\",\"itemListElement\":[{\"@type\":\"ListItem\",\"position\":1,\"name\":\"Portada\",\"item\":\"https:\\\/\\\/grupoanimacion.webs.upv.es\\\/elcinedeperezarroyo\\\/\"},{\"@type\":\"ListItem\",\"position\":2,\"name\":\"Anexos\",\"item\":\"https:\\\/\\\/grupoanimacion.webs.upv.es\\\/elcinedeperezarroyo\\\/anexos\\\/\"},{\"@type\":\"ListItem\",\"position\":3,\"name\":\"Bibliograf\u00eda\"}]},{\"@type\":\"WebSite\",\"@id\":\"https:\\\/\\\/grupoanimacion.webs.upv.es\\\/elcinedeperezarroyo\\\/#website\",\"url\":\"https:\\\/\\\/grupoanimacion.webs.upv.es\\\/elcinedeperezarroyo\\\/\",\"name\":\"El cine de Perez Arroyo\",\"description\":\"\",\"potentialAction\":[{\"@type\":\"SearchAction\",\"target\":{\"@type\":\"EntryPoint\",\"urlTemplate\":\"https:\\\/\\\/grupoanimacion.webs.upv.es\\\/elcinedeperezarroyo\\\/?s={search_term_string}\"},\"query-input\":{\"@type\":\"PropertyValueSpecification\",\"valueRequired\":true,\"valueName\":\"search_term_string\"}}],\"inLanguage\":\"es\"}]}<\/script>\n<!-- \/ Yoast SEO plugin. -->","yoast_head_json":{"title":"Bibliograf\u00eda - El cine de Perez Arroyo","robots":{"index":"index","follow":"follow","max-snippet":"max-snippet:-1","max-image-preview":"max-image-preview:large","max-video-preview":"max-video-preview:-1"},"canonical":"https:\/\/grupoanimacion.webs.upv.es\/elcinedeperezarroyo\/anexos\/bibliografia\/","og_locale":"es_ES","og_type":"article","og_title":"Bibliograf\u00eda - El cine de Perez Arroyo","og_description":"[vc_row][vc_column css=&#8221;.vc_custom_1549557014764{padding-bottom: 10% !important;}&#8221;][vc_custom_heading source=&#8221;post_title&#8221; font_container=&#8221;tag:h2|font_size:100|text_align:center&#8221; google_fonts=&#8221;font_family:Playfair%20Display%3Aregular%2Citalic%2C700%2C700italic%2C900%2C900italic|font_style:900%20bold%20regular%3A900%3Anormal&#8221; css=&#8221;.vc_custom_1548073508719{padding-top: 10% !important;}&#8221;][\/vc_column][\/vc_row][vc_row][vc_column width=&#8221;2\/3&#8243;][vc_custom_heading heading_style=&#8221;heading_style_1&#8243; text=&#8221;Entrevistas&#8221; font_container=&#8221;tag:h2|font_size:30|text_align:left&#8221; google_fonts=&#8221;font_family:Playfair%20Display%3Aregular%2Citalic%2C700%2C700italic%2C900%2C900italic|font_style:700%20bold%20regular%3A700%3Anormal&#8221;][vc_column_text css=&#8221;.vc_custom_1550773855271{padding-right: 15% !important;}&#8221;]Raimundo Pay\u00e1 Molt\u00f3 Lola P\u00e9rez Fayos Fernando Saludes Talens Juan Andreu Esp\u00ed [\/vc_column_text][\/vc_column][vc_column width=&#8221;1\/3&#8243;][\/vc_column][\/vc_row][vc_row][vc_column width=&#8221;2\/3&#8243;][vc_custom_heading heading_style=&#8221;heading_style_1&#8243; text=&#8221;Fuentes documentales&#8221; font_container=&#8221;tag:h2|font_size:30|text_align:left&#8221; google_fonts=&#8221;font_family:Playfair%20Display%3Aregular%2Citalic%2C700%2C700italic%2C900%2C900italic|font_style:700%20bold%20regular%3A700%3Anormal&#8221;][vc_column_text css=&#8221;.vc_custom_1548073726127{padding-right: 15% !important;}&#8221;]Archivo hist\u00f3rico de la Oficina Espa\u00f1ola de Patentes y Marcas Archivo General de la Administraci\u00f3n, Alcal\u00e1 [&hellip;]","og_url":"https:\/\/grupoanimacion.webs.upv.es\/elcinedeperezarroyo\/anexos\/bibliografia\/","og_site_name":"El cine de Perez Arroyo","article_modified_time":"2020-06-20T13:38:43+00:00","og_image":[{"width":1024,"height":636,"url":"https:\/\/grupoanimacion.webs.upv.es\/elcinedeperezarroyo\/wp-content\/uploads\/2018\/10\/Estudio-Pe\u0301rez-Arroyo-1943EDITADA-1024x636.jpg","type":"image\/jpeg"}],"twitter_card":"summary_large_image","twitter_misc":{"Tiempo de lectura":"3 minutos"},"schema":{"@context":"https:\/\/schema.org","@graph":[{"@type":"WebPage","@id":"https:\/\/grupoanimacion.webs.upv.es\/elcinedeperezarroyo\/anexos\/bibliografia\/","url":"https:\/\/grupoanimacion.webs.upv.es\/elcinedeperezarroyo\/anexos\/bibliografia\/","name":"Bibliograf\u00eda - El cine de Perez Arroyo","isPartOf":{"@id":"https:\/\/grupoanimacion.webs.upv.es\/elcinedeperezarroyo\/#website"},"primaryImageOfPage":{"@id":"https:\/\/grupoanimacion.webs.upv.es\/elcinedeperezarroyo\/anexos\/bibliografia\/#primaryimage"},"image":{"@id":"https:\/\/grupoanimacion.webs.upv.es\/elcinedeperezarroyo\/anexos\/bibliografia\/#primaryimage"},"thumbnailUrl":"https:\/\/grupoanimacion.webs.upv.es\/elcinedeperezarroyo\/wp-content\/uploads\/2018\/10\/Estudio-Pe\u0301rez-Arroyo-1943EDITADA.jpg","datePublished":"2019-01-21T12:06:53+00:00","dateModified":"2020-06-20T13:38:43+00:00","breadcrumb":{"@id":"https:\/\/grupoanimacion.webs.upv.es\/elcinedeperezarroyo\/anexos\/bibliografia\/#breadcrumb"},"inLanguage":"es","potentialAction":[{"@type":"ReadAction","target":["https:\/\/grupoanimacion.webs.upv.es\/elcinedeperezarroyo\/anexos\/bibliografia\/"]}]},{"@type":"ImageObject","inLanguage":"es","@id":"https:\/\/grupoanimacion.webs.upv.es\/elcinedeperezarroyo\/anexos\/bibliografia\/#primaryimage","url":"https:\/\/grupoanimacion.webs.upv.es\/elcinedeperezarroyo\/wp-content\/uploads\/2018\/10\/Estudio-Pe\u0301rez-Arroyo-1943EDITADA.jpg","contentUrl":"https:\/\/grupoanimacion.webs.upv.es\/elcinedeperezarroyo\/wp-content\/uploads\/2018\/10\/Estudio-Pe\u0301rez-Arroyo-1943EDITADA.jpg","width":6323,"height":3926},{"@type":"BreadcrumbList","@id":"https:\/\/grupoanimacion.webs.upv.es\/elcinedeperezarroyo\/anexos\/bibliografia\/#breadcrumb","itemListElement":[{"@type":"ListItem","position":1,"name":"Portada","item":"https:\/\/grupoanimacion.webs.upv.es\/elcinedeperezarroyo\/"},{"@type":"ListItem","position":2,"name":"Anexos","item":"https:\/\/grupoanimacion.webs.upv.es\/elcinedeperezarroyo\/anexos\/"},{"@type":"ListItem","position":3,"name":"Bibliograf\u00eda"}]},{"@type":"WebSite","@id":"https:\/\/grupoanimacion.webs.upv.es\/elcinedeperezarroyo\/#website","url":"https:\/\/grupoanimacion.webs.upv.es\/elcinedeperezarroyo\/","name":"El cine de Perez Arroyo","description":"","potentialAction":[{"@type":"SearchAction","target":{"@type":"EntryPoint","urlTemplate":"https:\/\/grupoanimacion.webs.upv.es\/elcinedeperezarroyo\/?s={search_term_string}"},"query-input":{"@type":"PropertyValueSpecification","valueRequired":true,"valueName":"search_term_string"}}],"inLanguage":"es"}]}},"_links":{"self":[{"href":"https:\/\/grupoanimacion.webs.upv.es\/elcinedeperezarroyo\/wp-json\/wp\/v2\/pages\/3761","targetHints":{"allow":["GET"]}}],"collection":[{"href":"https:\/\/grupoanimacion.webs.upv.es\/elcinedeperezarroyo\/wp-json\/wp\/v2\/pages"}],"about":[{"href":"https:\/\/grupoanimacion.webs.upv.es\/elcinedeperezarroyo\/wp-json\/wp\/v2\/types\/page"}],"author":[{"embeddable":true,"href":"https:\/\/grupoanimacion.webs.upv.es\/elcinedeperezarroyo\/wp-json\/wp\/v2\/users\/2"}],"replies":[{"embeddable":true,"href":"https:\/\/grupoanimacion.webs.upv.es\/elcinedeperezarroyo\/wp-json\/wp\/v2\/comments?post=3761"}],"version-history":[{"count":39,"href":"https:\/\/grupoanimacion.webs.upv.es\/elcinedeperezarroyo\/wp-json\/wp\/v2\/pages\/3761\/revisions"}],"predecessor-version":[{"id":5123,"href":"https:\/\/grupoanimacion.webs.upv.es\/elcinedeperezarroyo\/wp-json\/wp\/v2\/pages\/3761\/revisions\/5123"}],"up":[{"embeddable":true,"href":"https:\/\/grupoanimacion.webs.upv.es\/elcinedeperezarroyo\/wp-json\/wp\/v2\/pages\/3742"}],"wp:featuredmedia":[{"embeddable":true,"href":"https:\/\/grupoanimacion.webs.upv.es\/elcinedeperezarroyo\/wp-json\/wp\/v2\/media\/1872"}],"wp:attachment":[{"href":"https:\/\/grupoanimacion.webs.upv.es\/elcinedeperezarroyo\/wp-json\/wp\/v2\/media?parent=3761"}],"curies":[{"name":"wp","href":"https:\/\/api.w.org\/{rel}","templated":true}]}}